6. Is m prime?
True
Let u(v) = 2*v**3 - 25*v**2 + 8*v + 72. Let q be u(25). Is q/35 + 5/(-25) a prime number?
False
Suppose 3*n - 5*n + 8 = -5*a, n = -3*a + 4. Suppose -2*v - 5*o - 7 = a, -4*v + 8 = -4*o - 20. Suppose -2*d = -v*l - 2778, 2*l + 20 = -3*l. Is d prime?
True
Let t be 12/(-8) - -3 - 6/(-12). Suppose 2*l = t*i - 3280, 6554 = 4*i - l + 3*l. Is i a prime number?
False
Suppose 0 = -5*q - o + 31, -2*q + 4*o = -30 - 0. Suppose -q*w = -4528 - 4467. Is w composite?
True
Suppose 7*p - 112 = 3*p. Suppose 0 = -6*d + 8 + p. Is (d + -4035)*2/(-6) a composite number?
True
Suppose 225 = -16*z + 2529. Is 12/54 - (-4)/(z/23356) a prime number?
False
Let p(j) = j**3 + 5*j**2 - 9*j - 13. Let w be p(-6). Suppose 3*s + w*y = 4*s - 2837, 0 = -s - 4*y + 2855. Suppose -5503 = -10*b + s. Is b a prime number?
False
Let z = 96165 + -25810. Is z a composite number?
True
Let d(w) = -81 - 100*w**3 - 86 + 159 - 7*w - 10*w**2. Is d(-7) composite?
False
Suppose -2*k = 4, -r - 4*k = -5*k + 7338. Let x = 12933 + r. Suppose -3*u + x = -7544. Is u a composite number?
True
Suppose 2*s = -4*u + 1767 + 2265, 4*u = -3*s + 6042. Let b = s - -3373. Is b a composite number?
True
Let z(p) = 4926*p - 12799. Is z(7) composite?
False
Suppose 8*a - 417115 = -100619. Let n = a - 24441. Is n a composite number?
False
Suppose 80*x = 55*x + 92075. Is x composite?
True
Suppose -13*v = -k - 8*v + 216195, 0 = 2*k - 3*v - 432376. Is k composite?
True
Let p = 1270 - -2392. Let r = p + 3977. Is r a prime number?
True
Let y(h) = 9*h + 63. Let t be y(-7). Suppose 2*p = -5*z + 13885, t = -3*z - 3*p + 8*p + 8362. Is z prime?
False
Let u = 926 - 477. Is u a prime number?
True
Let o(u) = 152*u**2 + 3*u + 3. Let r(d) = 1. Let k(f) = o(f) - 4*r(f). Let m(n) be the first derivative of k(n). Is m(1) composite?
False
Is (4486904/6)/(704/528) a prime number?
True
Suppose -412998 = -118*p + 84*p. Is p prime?
False
Let g = 728946 - 250397. Is g a composite number?
True
Let d = -127 + -228. Let u(n) = -42*n. Let c be u(-1). Let h = c - d. Is h a prime number?
True
Let z be 0 - (-8 - -4) - 1419. Let k = -664 - z. Is k a prime number?
True
Let w(j) be the second derivative of 11*j**6/90 + 23*j**5/120 + 4*j**4/3 - 3*j. Let f(b) be the third derivative of w(b). Is f(6) prime?
False
Let y(g) = -g**3 - 43*g**2 - 28*g + 94. Let m be y(-34). Let f = m + 22619. Is f composite?
True
Suppose 15*b + 3*b = -3384. Let v = 89 + b. Let z = v + 713. Is z a composite number?
True
Is (2 - (2 - 5)) + 19/((-57)/(-44808)) a prime number?
False
Let w(i) = -7*i**2 - 11*i + 40. Let v be w(13). Let k = v + 2193. Is k prime?
True
Let f = -861 + 32450. Is f composite?
True
Let l = 43338 - -16871. Is l prime?
True
Let q = -5184 - -8926. Suppose 200 = -14*u + q. Is u composite?
True
Let r(k) = k**3 + 29*k**2 - 4. Let y be r(-28). Suppose 3*j = 3*d + y, 10*j + d - 768 = 7*j. Is j a composite number?
False
Let r(d) = 21*d**3 - 4*d**2 + 10. Let a = -82 + 135. Let p = a - 50. Is r(p) a prime number?
True
Suppose 6*x + 1095 - 8211 = 0. Suppose 2*q - 5*h = x, 0 = 3*q - h - 2886 + 1133. Is q a prime number?
False
Suppose -11*v + 1449284 + 1277055 = 0. Is v composite?
True
Let x(k) = -k**2 - 18*k - 60. Let s be x(-6). Suppose -s*z + 10*z + 1910 = 0. Is z a composite number?
True
Suppose 9*j - 4*f + 4 = 4*j, -4*j - 12 = -f. Let u be 4911 + j + (1 - 4). Suppose 10*o - 6*o - u = 0. Is o prime?
False
Let w(y) = -22765*y - 3. Let n be w(-2). Let z = 92805 - n. Is (3/(-2) + 0)*z/(-21) a composite number?
True
Let u be 182398/14 - (-27)/(-63). Let l = u + -7249. Is l prime?
True
Suppose -7*o = 21*o. Suppose o = 10*s - 109962 - 73568. Is s prime?
True
Let r(s) = -887*s + 37. Let n be r(-8). Is n/(3 + (-2)/1) a composite number?
True
Suppose 0 = 2*o + p - 538527, -848*o + 849*o = 4*p + 269295. Is o a prime number?
False
Let o = -37311 + 25961. Let c = 18669 + o. Is c composite?
True
Suppose -16*k - 42 = -90. Is (4 - -4612) + (-1)/(k/(-15)) a prime number?
True
Is 46/(-391) + ((-4)/6 - 203050463/(-561)) composite?
False
Let x be 1*8/(-4) + 4. Let t be (x/4 - -1)*8/6. Suppose -b + t = b, -3*b - 1596 = -3*i. Is i a prime number?
False
Let h be -1*(5 - 7)*8. Is h + -12 + 2 + -1 + 1377 a composite number?
True
Let u be (-364)/(-30) + (-28)/210. Suppose u - 8 = 2*w. Is 38/(0 + w)*29 composite?
True
Suppose 0 = -19*q + 1848561 + 613478. Is q a composite number?
False
Let o(n) = -n**3 - 9*n**2 - 24*n + 13. Let l be o(-5). Suppose 0 = -3*t, -2*u + 34*t - l*t + 15218 = 0. Is u composite?
True
Suppose -5 = r - 3. Is (25/(-30))/(1/r)*6033 prime?
False
Suppose -102*x + 89*x + 1210001 = 0. Is x a prime number?
True
Let r = 8341590 + -4704089. Is r prime?
False
Let d = -13445 + 7458. Let m = d - -12272. Suppose 0 = -4*i + i + m. Is i a composite number?
True
Let z = -5785 + 3881. Let u = -649 - z. Is u a prime number?
False
Let t(q) be the first derivative of 9*q**4/2 + q**3/2 - 2*q**2 - 29*q + 38. Let n(r) be the first derivative of t(r). Is n(5) composite?
False
Is 35710950/161 - (0 + 3/21) a prime number?
True
Let d(t) = -315*t + 447. Let a be d(2). Suppose 1129 = 4*b - 415. Let l = b + a. Is l composite?
True
Let h = 79247 + -47848. Is h a prime number?
False
Suppose 20*f + 759 = 9*f. Let r = f + 56. Is (r/26)/(1/(-4742)) a prime number?
True
Let u = 13251 + -4143. Suppose -3*m + u - 1887 = 3*k, -m + 5 = 0. Is k a prime number?
False
Suppose 0*t - 3*t + 12 = 4*m, 4*t + 5*m = 16. Suppose 4*j - 6*o - 328 = -5*o, t*o + 97 = j. Is (1 - 2)*-6537*27/j prime?
True
Let p(o) = -2*o**3 - 3*o**2 - o - 2. Let j be p(-2). Suppose 5*d = 3*u - 80, -2*u - 56 = -4*u + j*d. Suppose 130 = 25*g - u*g. Is g composite?
True
Let g be (-9)/(-2)*(-142)/(-3). Let s = -138 + g. Let k = 154 - s. Is k a composite number?
False
Suppose 4*t + 4 = 24. Suppose -t*a = 20, 5*d - 2*a - 16 = -3*a. Is 1/((-14251)/3563 + d) a prime number?
False
Let g be (-85848)/15 - 5/(-25) - -2. Let m = g + 8368. Is m prime?
True
Let b(t) = -19*t - 40. Let v be b(-2). Let d(q) = 1029*q**2 + 18*q + 31. Is d(v) a composite number?
False
Let h(n) be the third derivative of 11*n**6/360 + n**5/40 - 7*n**4/24 + 2*n**3 + 2*n**2 + 12*n. Let i(d) be the first derivative of h(d). Is i(-5) prime?
False
Let j(m) = m + 12. Let i be j(0). Let r(d) = 2*d**3 + 2*d**2 + d. Let c(a) = -3*a**3 + 9*a - 37. Let o(f) = -c(f) - r(f). Is o(i) a composite number?
True
Let y = 162771 + -76489. Suppose -3*c = 11*c - y. Is c prime?
True
Suppose 4*k + 489 = 1977. Suppose 0 = 3*z - 4*c + 5*c - 277, k = 4*z + 2*c. Let u = z - 14. Is u prime?
False
Let y(p) = -p**2 - 12*p - 6. Let x(u) = -u**2 + 13*u - 8. Suppose -t = -4*s - 13 - 4, 0 = 3*t + 5*s - 34. Let w be x(t). Is y(w) prime?
False
Let c be (-2)/6 + 209/(-3). Let z be c/(-25) - 3 - 93/(-15). Suppose z*u - 4*u = 782. Is u composite?
True
Suppose -273*y + 5*g = -275*y + 414478, -3*g = 2*y - 414470. Is y a prime number?
False
Let p(j) = 5*j + 3 - 3 + 11*j**2 + 9*j**2. Let k be p(5). Suppose 4*x - k = 551. Is x composite?
False
Let w be 2*63418*1/(-4)*1. Let l = -15378 - w. Is l composite?
True
Let c = 2164 - -12. Let b = c + -983. Is b a composite number?
False
Let b(g) = 13*g - 145. Let m be b(11). Is -3*(-12147)/(-18)*m composite?
False
Suppose -c - 3*r = -93479 + 13344, -3*r + 240417 = 3*c. Is c a composite number?
False
Let c = -14230 - -14235. Let m = 3 + 0. Suppose z - 348 = c*y, 4*y - 710 = m*z - 5*z. Is z prime?
True
Is ((-331048)/(-20))/(5/(-3 + 28)) a composite number?
True
Let h = -260 - -3. Let b = 367 + h. Let z = 112 - b. Is z a composite number?
False
Let m(w) = 2*w**2 + 14*w + 2. Let v be m(-7). Is (-1)/(-5) - (57848/(-35) + v) composite?
True
Let q(y) be the first derivative of 155*y**3/3 + 7*y**2/2 - 7*y - 21. Let z be q(1). Suppose z*t - 150*t = 1115. Is t composite?
False
Suppose 370 = 5*x + 490. Is 2 - (8/(x/19557) - 0) a composite number?
False
Let n be 1 - 3*(-16)/(-12). Let o be ((-5)/(-2))/(n/(-6)). Suppose -o*h + 5 = 0, -5*f + 4*h = -2252 - 1129. Is f a prime number?
True
Let k = -19108 + 31925. Is k prime?
False
Let t(i) = -46*i**3 + 13*i**2 + 45*i + 745. Is t(-21) a composite number?
True
Let c = -2708 - -8143. Suppose 0 = -0*h + 4*h + 4, 2*j + 2*h = 3852. Suppose -4*p + c = j. Is p prime?
True
Let w(c) = 22*c**2 - 129*c + 16. Is w(25) a composite number?
Tru